 -2*c + 24 = 4*u - 3*u. Calculate the remainder when 23 is divided by c.
11
Let l(f) = -f**2 + 1. Let p(y) = 7*y**2 - 6. Let t(w) = 6*l(w) + p(w). Let g(h) = 3*h + 3. Let b be g(-2). What is the remainder when t(b) is divided by 5?
4
Suppose 35 = -p + 5*m + 116, -69 = -p + 2*m. What is the remainder when p is divided by 21?
19
Suppose 0 = 3*w + 3, w = k + 3. Let h(x) be the first derivative of -2*x**2 + 3*x - 45. Calculate the remainder when 73 is divided by h(k).
16
Let h = -6 - -10. Suppose -13 = -j + h*r - 0*r, -2*r = 4*j - 34. What is the remainder when 15 is divided by j?
6
What is the remainder when (5 - (-3 - -7))*(24 + -1) is divided by 12?
11
Let t = 1 - -23. Suppose -3*f + 124 = -2*w - 102, f = 4*w + 82. Suppose -p - 3*u = -77, -7 = -p - 5*u + f. Calculate the remainder when p is divided by t.
23
Let u = 97 - 84. What is the remainder when u is divided by 3?
1
Let l = 11 + -9. Suppose 2*g - 2 = -2*b, l*b + 17 = 5*g + b. Calculate the remainder when g is divided by (-20)/(-8) - (-1)/(-2).
1
Suppose 2*g = -4*m - 0*g + 36, -m + 3*g + 16 = 0. Let n(d) = 5*d - 1. Let h(f) = -8*f - 2. Let c be h(-1). What is the remainder when n(c) is divided by m?
9
Let i(m) be the second derivative of -2*m - 5/12*m**4 + m**2 + 1/20*m**5 - m**3 + 0. Calculate the remainder when i(6) is divided by 1.
0
Suppose 5*o = 4*o - 1. Let k = o + 38. Let l(p) = 2*p**2 - 6*p - 1. Calculate the remainder when k is divided by l(5).
18
Let y = 7 + -6. What is the remainder when (y + 12 + 1)/1 is divided by 8?
6
Suppose 0 = -3*x, 90 = i + 4*i - 2*x. Suppose 616 + 77 = 21*b. Calculate the remainder when b is divided by i.
15
Let w = -50 + 82. What is the remainder when w is divided by (-1 - 20/(-3))*3?
15
Let d(a) = 30*a**3 - a**2 + 1. What is the remainder when d(1) is divided by (-16)/(-3)*3/2?
6
Let j(i) = 9*i**2 + 2. Suppose -4 = 4*y - 12. Suppose 4*z + y = 3*z. What is the remainder when j(z) is divided by 13?
12
Let i be ((-1)/3)/(2/(-12)). Suppose 20 = 4*f - 2*a, 5*f - 19 = 2*a + i*a. Calculate the remainder when 19 is divided by f.
5
Let o = 59 + -55. Suppose -2*p + 4*d - 16 = -6*p, p - 5*d = 10. What is the remainder when p is divided by o?
1
Suppose -4*a + 5*j - 11 = 2*j, 5 = -2*a + j. What is the remainder when 12 is divided by a/5 + (-74)/(-10)?
5
Let p = 99 - 70. Calculate the remainder when p is divided by 10.
9
Suppose 5*z - 3*t - 5 = 0, 0*t + t - 5 = 0. Let h(n) = 3*n + n**2 + 3 - 2*n - 4*n. What is the remainder when 19 is divided by h(z)?
5
Suppose 0 = -5*x + 6 + 19. Suppose -x*n + 40 = -65. What is the remainder when n is divided by 6?
3
Suppose -3*f = -0*f - 147. Let a(p) = -p**3 + 2*p**2 + 5*p - 2. Let x be a(3). Suppose -x*z = -8*z + 68. What is the remainder when f is divided by z?
15
Let x = 19 + -6. Calculate the remainder when 50 is divided by x.
11
Let n = -10 + 16. Suppose 0 = -o - 3 + n. Suppose -t + o*t - 64 = 0. What is the remainder when t is divided by 11?
10
Let s(l) = 8*l**2 + 16*l**2 + 7*l - 14*l**2 + 9*l - 9 + l**3. What is the remainder when 74 is divided by s(-7)?
22
Let w(v) = v**2 + 3. Let q be 5 - (-3 - -1 - -3). Let s be (q - 6/3) + -2. What is the remainder when 7 is divided by w(s)?
1
What is the remainder when 38 is divided by ((-357)/(-68))/((-6)/(-16))?
10
Let u be (-10)/((-5)/((-10)/(-4))). Suppose -3*l = -2*h + 3, -h = u*l + 6 - 14. What is the remainder when 35 is divided by (2*3)/(l/2)?
11
Let b = -25 - -38. Calculate the remainder when 35 is divided by b.
9
Calculate the remainder when 29 is divided by 126/10 + -7 + 4/10.
5
Let m(y) = 6*y - 2*y**2 - 2*y**2 + 5*y**2 - 1 - 2*y**2. Let r be m(6). What is the remainder when ((-55)/1)/r - 0 is divided by 19?
17
What is the remainder when 44 is divided by 3/(-7) + 2160/140?
14
Let x be ((-6)/9)/((-4)/30). Suppose 0*t = x*t - 240. Suppose -3*h = -3*b - t, -3*h - 3*b = -b - 38. What is the remainder when 27 is divided by h?
13
Let p be (-1)/(-1) - (-3 + 0). Suppose 102 = 2*u - p*w, w = u - 2*w - 56. What is the remainder when u is divided by 22?
19
Let u = 163 - 120. Calculate the remainder when u is divided by 12.
7
Let p(i) = -i + 8. What is the remainder when p(2) is divided by 4?
2
Let g = -18 - -10. Let j be ((-14)/g - 1)*4. Suppose j*r - 51 = 69. What is the remainder when r is divided by 14?
12
Let y(u) = u - 10. Let h be y(10). Suppose h = -3*p + 29 + 70. What is the remainder when 32 is divided by (-10)/15*p/(-2)?
10
Suppose -8*h = -13*h + 465. What is the remainder when h is divided by 24?
21
Let q = -10 - -16. Suppose q*x - 2*x = 16. Suppose -5*w - 4*z = -0*z - 69, -x*w = 2*z - 54. What is the remainder when w is divided by 7?
6
Suppose 4*n - 23 = 5. Let d be -2*((-8)/(-4) + -1). Calculate the remainder when n is divided by (d/4)/(6/(-48)).
3
Suppose 2*z - 5*z = -12. Suppose j - z*j = -105. Calculate the remainder when j is divided by 12.
11
Suppose 0 = 6*m - 2*m - 608. Suppose -47 = -5*r - m. Calculate the remainder when 3/(3*(-1)/r) is divided by 11.
10
Suppose 3*n + 0 = 2*p - 2, 2*n + 3*p = 16. Let f(i) = -i**3 + 5*i**2 - 3*i + 1. Calculate the remainder when 13 is divided by f(n).
6
Let u be (-2)/9 + 3356/36. Suppose -4*g + u = -27. Calculate the remainder when g is divided by 16.
14
Suppose 125 = 4*z + 17. Suppose -3*f - z = -0*f + 5*p, 3*f = 4*p - 27. Let y = 19 + f. Calculate the remainder when 18 is divided by y.
8
Let m(k) = -k**2 + 7*k + 6. Let i be (0 - -2)*(-411)/(-6). Let d = -90 + i. What is the remainder when d is divided by m(5)?
15
Let b(f) = f**3 - 5*f**2 + 6*f - 6. Let v = -12 + 17. What is the remainder when 95 is divided by b(v)?
23
Let v(r) = -r**3 - 5*r**2 + 8*r - 6. Calculate the remainder when v(-7) is divided by 19.
17
Let q = 4 + 0. Suppose -2*b = 2*f - 6*f, -5*f - q*b + 26 = 0. Suppose 0 = -4*y + f + 22. Calculate the remainder when y is divided by 4.
2
Let o = 187 - 128. Suppose -29 + 122 = 3*f. What is the remainder when o is divided by f?
28
Suppose -295 = -5*s - 5*c, 5*c - c + 252 = 4*s. What is the remainder when s is divided by 16?
13
Let a(x) = 17*x**3 - x**2 + x. Suppose -5*w = -5, -3*g - w + 3 + 16 = 0. Calculate the remainder when a(1) is divided by (27/6)/(3/g).
8
Let x = 27 + 6. Calculate the remainder when 64 is divided by x.
31
Suppose 51 = t - 11. Let a = -5 - -148. Suppose -31 = 7*n - a. What is the remainder when t is divided by n?
14
Let w = 12 + 1. What is the remainder when 0 + 74/2*1 is divided by w?
11
Suppose 0 = -3*x - x - 5*n + 9, 0 = 4*x - n - 27. Suppose -x + 0 = -h. Let j(l) = -l**3 + 4*l**2 + 7*l. What is the remainder when j(5) is divided by h?
4
What is the remainder when ((-4)/(-10))/((-1)/(-135)) is divided by 19?
16
Let x(a) = a**2 - 28. Let u be x(0). Let v be ((-24)/(-16))/((-6)/(-200)). Let y = v + u. Calculate the remainder when y is divided by 12.
10
Let d = 25 + -14. Suppose 0 = 5*h - 4*v - 26, 35*h - 40*h - 3*v + 33 = 0. Calculate the remainder when d is divided by h.
5
Let z(m) = 1 + 0 + 5*m**2 + 5*m**2 - m. Suppose 0 = -3*f - 30 + 36. Calculate the remainder when z(f) is divided by 10.
9
Suppose -o - 107 = -5*k + 136, -o = -2*k + 96. What is the remainder when 293 is divided by k?
48
Let l(b) = 2*b**2 + 2. Calculate the remainder when l(-4) is divided by 18.
16
Suppose -2*f + 4 = -0*f. Suppose 9 = -3*i + f*u + 35, -5*i + 54 = 2*u. What is the remainder when i is divided by 4?
2
Let j = 2 + 0. What is the remainder when 1 - (-1)/(j/18) is divided by 4?
2
Suppose 3*u - 7*u + 448 = 0. Suppose -q = q - u. Calculate the remainder when q is divided by (-2)/4 - 39/(-2).
18
Let j(d) = 3*d**2 + 2*d + 1. Let t be j(-1). Suppose 4*i - 20 = t*f, 2*f - f - 11 = -5*i. Calculate the remainder when 8 is divided by i.
2
Let a = 82 - 68. Calculate the remainder when 55 is divided by a.
13
Suppose 0 = -5*f + 5*o + 65, 8*f - 92 = 3*f - 4*o. Calculate the remainder when 37 is divided by f.
5
Let d(a) = -4*a - 6. Calculate the remainder when 27 is divided by d(-4).
7
Let l(y) = -y + 7. Let h(b) = b - 5. Let m be h(8). Suppose -3 + 12 = m*r. Calculate the remainder when 7 is divided by l(r).
3
Suppose -5*y + 149 - 54 = 0. Let g = -13 + y. What is the remainder when g is divided by 2?
0
Calculate the remainder when 10 is divided by 19/6 + (-2)/12.
1
Let a = 99 - -38. Suppose 5*r - 346 = -4*n, r + r + 3*n = a. What i